{"id":50,"date":"2024-02-18T12:21:17","date_gmt":"2024-02-18T11:21:17","guid":{"rendered":"https:\/\/lahuellaverde.elprofeandres.es\/?page_id=50"},"modified":"2024-02-18T12:32:04","modified_gmt":"2024-02-18T11:32:04","slug":"laboratorio","status":"publish","type":"page","link":"https:\/\/lahuellaverde.elprofeandres.es\/index.php\/laboratorio\/","title":{"rendered":"Laboratorio"},"content":{"rendered":"<p>[et_pb_section fb_built=\u00bb1&#8243; _builder_version=\u00bb4.24.1&#8243; _module_preset=\u00bbdefault\u00bb background_image=\u00bbhttps:\/\/lahuellaverde.elprofeandres.es\/wp-content\/uploads\/2024\/02\/kalaniwtf_a_quimical_laboratory_epic_image_challenge_background_63a9d808-e0fa-46a8-ab0c-f14b7953e7a0.png\u00bb custom_css_main_element=\u00bbmin-height: 100vh;\u00bb global_colors_info=\u00bb{}\u00bb][et_pb_row _builder_version=\u00bb4.24.1&#8243; _module_preset=\u00bbdefault\u00bb background_color=\u00bbrgba(224,43,32,0.6)\u00bb custom_padding=\u00bb|2%||2%|false|false\u00bb global_colors_info=\u00bb{}\u00bb][et_pb_column type=\u00bb4_4&#8243; _builder_version=\u00bb4.24.1&#8243; _module_preset=\u00bbdefault\u00bb global_colors_info=\u00bb{}\u00bb][et_pb_text _builder_version=\u00bb4.24.1&#8243; _module_preset=\u00bbdefault\u00bb text_font=\u00bbFauna One||||||||\u00bb text_text_color=\u00bb#FFFFFF\u00bb text_font_size=\u00bb18px\u00bb header_font=\u00bbAbril Fatface||||||||\u00bb header_text_color=\u00bb#FFFFFF\u00bb header_font_size=\u00bb41px\u00bb text_orientation=\u00bbjustified\u00bb hover_enabled=\u00bb0&#8243; text_text_shadow_style=\u00bbpreset1&#8243; text_text_shadow_blur_strength=\u00bb0em\u00bb text_text_shadow_color=\u00bb#000000&#8243; global_colors_info=\u00bb{}\u00bb sticky_enabled=\u00bb0&#8243;]<\/p>\n<h1>PRUEBA 2: La b\u00e1scula y el libro<\/h1>\n<p>&nbsp;<\/p>\n<p>En alg\u00fan lugar de esta habitaci\u00f3n encontrar\u00e9is una b\u00e1scula que pesa un libro. Ese libro pesa exactamente 400 gramos y en su interior hallar\u00e9is el segundo adjetivo junto a las instrucciones de la tercera prueba. No obstante hay un problema:<\/p>\n<p>Si la b\u00e1scula detecta que alguien se lleva el libro se activar\u00e1 un mecanismo que desbaratar\u00e1 nuestro plan y habr\u00e9is perdido el juego. Por lo tanto necesitamos sustituir el libro por otro cosa que pese esos 400 gramos.<\/p>\n<p>Est\u00e1is frente a un reto que pondr\u00e1 a prueba vuestro ingenio y habilidades en resoluci\u00f3n de problemas. Vuestra tarea es simple pero desafiante: deb\u00e9is sacar exactamente 400 gramos de l\u00edquido utilizando \u00fanicamente un bote de 500 gramos y otro de 400 gramos. \u00bfno se puede hacer a ojo! \u00a1Ser\u00eda un riesgo demasiado elevado!<\/p>\n<p>La clave para superar este desaf\u00edo radica en la combinaci\u00f3n estrat\u00e9gica de los recipientes y el manejo preciso del l\u00edquido.<\/p>\n<p>Pensad en c\u00f3mo pod\u00e9is combinar los dos recipientes para obtener diferentes vol\u00famenes. Recuerden que pueden llenarlos, vaciarlos y verter l\u00edquido de uno a otro.<\/p>\n<p>Tambi\u00e9n podr\u00e1n siempre recurrir <a href=\"https:\/\/chat.openai.com\" target=\"_blank\" rel=\"noopener\">al or\u00e1culo<\/a>, aunque recuerden que se decontar\u00e1n cinco minutos de su tiempo.<\/p>\n<p>No hay una \u00fanica manera de resolver este desaf\u00edo, \u00a1as\u00ed que sed creativos y trabajen juntos para encontrar la soluci\u00f3n!<\/p>\n<p>\u00a1El futuro del planeta est\u00e1 en juego!<\/p>\n<p>[\/et_pb_text][et_pb_button button_text=\u00bbVolver\u00bb button_alignment=\u00bbcenter\u00bb _builder_version=\u00bb4.24.1&#8243; _module_preset=\u00bbdefault\u00bb custom_button=\u00bbon\u00bb button_text_color=\u00bb#FFFFFF\u00bb button_icon=\u00bb&#x48;||divi||400&#8243; hover_enabled=\u00bb0&#8243; global_colors_info=\u00bb{}\u00bb button_bg_color__hover_enabled=\u00bbon|hover\u00bb button_bg_color__hover=\u00bbrgba(255,255,255,0.23)\u00bb button_bg_enable_color__hover=\u00bbon\u00bb button_url=\u00bbhttps:\/\/lahuellaverde.elprofeandres.es\/\u00bb sticky_enabled=\u00bb0&#8243;][\/et_pb_button][\/et_pb_column][\/et_pb_row][\/et_pb_section]<\/p>\n","protected":false},"excerpt":{"rendered":"<p>PRUEBA 2: La b\u00e1scula y el libro &nbsp; En alg\u00fan lugar de esta habitaci\u00f3n encontrar\u00e9is una b\u00e1scula que pesa un libro. Ese libro pesa exactamente 400 gramos y en su interior hallar\u00e9is el segundo adjetivo junto a las instrucciones de la tercera prueba. No obstante hay un problema: Si la b\u00e1scula detecta que alguien se [&hellip;]<\/p>\n","protected":false},"author":1,"featured_media":0,"parent":0,"menu_order":0,"comment_status":"closed","ping_status":"closed","template":"","meta":{"_et_pb_use_builder":"on","_et_pb_old_content":"","_et_gb_content_width":"","footnotes":""},"_links":{"self":[{"href":"https:\/\/lahuellaverde.elprofeandres.es\/index.php\/wp-json\/wp\/v2\/pages\/50"}],"collection":[{"href":"https:\/\/lahuellaverde.elprofeandres.es\/index.php\/wp-json\/wp\/v2\/pages"}],"about":[{"href":"https:\/\/lahuellaverde.elprofeandres.es\/index.php\/wp-json\/wp\/v2\/types\/page"}],"author":[{"embeddable":true,"href":"https:\/\/lahuellaverde.elprofeandres.es\/index.php\/wp-json\/wp\/v2\/users\/1"}],"replies":[{"embeddable":true,"href":"https:\/\/lahuellaverde.elprofeandres.es\/index.php\/wp-json\/wp\/v2\/comments?post=50"}],"version-history":[{"count":5,"href":"https:\/\/lahuellaverde.elprofeandres.es\/index.php\/wp-json\/wp\/v2\/pages\/50\/revisions"}],"predecessor-version":[{"id":63,"href":"https:\/\/lahuellaverde.elprofeandres.es\/index.php\/wp-json\/wp\/v2\/pages\/50\/revisions\/63"}],"wp:attachment":[{"href":"https:\/\/lahuellaverde.elprofeandres.es\/index.php\/wp-json\/wp\/v2\/media?parent=50"}],"curies":[{"name":"wp","href":"https:\/\/api.w.org\/{rel}","templated":true}]}}